3, what is -ccc + 6?
-cc6
In base 13, what is 3 + -107?
-104
In base 9, what is -18 + -127?
-146
In base 13, what is 7 + 3a1?
3a8
In base 4, what is -21211 + -10?
-21221
In base 12, what is -4 - -4?
0
In base 2, what is -1110110 + -101?
-1111011
In base 8, what is -16 - 12?
-30
In base 13, what is -1 + -4?
-5
In base 13, what is -13 - -4?
-c
In base 10, what is 55 + -4?
51
In base 5, what is 3020 + -3?
3012
In base 10, what is 1 - -600?
601
In base 12, what is 7a2 + 9?
7ab
In base 11, what is -8 - -242?
235
In base 12, what is 1a8 + -3?
1a5
In base 13, what is 84 - 1?
83
In base 9, what is 3 + 5?
8
In base 2, what is 111010011101 + -1?
111010011100
In base 12, what is -b44 - 2?
-b46
In base 11, what is 1a2 + -6?
197
In base 15, what is 2 - 8db?
-8d9
In base 12, what is ab1 + 1?
ab2
In base 12, what is 1285 + 0?
1285
In base 10, what is -3 + -204?
-207
In base 3, what is -211211 + 11?
-211200
In base 3, what is 12 - -1112110?
1112122
In base 9, what is 306 - 1?
305
In base 16, what is 10 - 7?
9
In base 3, what is -11 - -212211?
212200
In base 7, what is -2 + 12315?
12313
In base 9, what is 78 + 3?
82
In base 10, what is -5 + 86?
81
In base 12, what is 2 + -44?
-42
In base 3, what is 1200 - -1?
1201
In base 7, what is 2 + -164?
-162
In base 3, what is 22100 + -10110?
11220
In base 10, what is 2 + -50?
-48
In base 3, what is 11 + -12121?
-12110
In base 11, what is 2 + -81?
-7a
In base 4, what is -13 + 1332?
1313
In base 12, what is -6 - -13?
9
In base 4, what is 3 - -232?
301
In base 15, what is -54 + 4?
-50
In base 11, what is -22 + 42?
20
In base 10, what is -2355 + -1?
-2356
In base 3, what is -102221 - 2?
-110000
In base 14, what is -5 + -926?
-92b
In base 12, what is 108 - 2?
106
In base 9, what is -328 - 82?
-421
In base 15, what is ee + 0?
ee
In base 2, what is 1 - 10000110010?
-10000110001
In base 10, what is -4 + 944?
940
In base 6, what is 22 - -4144?
4210
In base 6, what is -4 - 3140?
-3144
In base 16, what is 1 + 210?
211
In base 5, what is 4 - -132?
141
In base 15, what is -5 - 7d?
-83
In base 5, what is -1031 - 33?
-1114
In base 2, what is -11 + 111100?
111001
In base 2, what is 110011111011 + 1?
110011111100
In base 3, what is 11 - -20110?
20121
In base 4, what is 0 - 12232?
-12232
In base 10, what is 4 - -678?
682
In base 12, what is -3 + 56?
53
In base 11, what is 2 - 47?
-45
In base 4, what is -321 + -312?
-1233
In base 10, what is -4 - 33?
-37
In base 14, what is 6 - -1127?
112d
In base 2, what is 1010 - -1010111100?
1011000110
In base 10, what is 12 + 113?
125
In base 8, what is -4 - 73?
-77
In base 10, what is -3 - 794?
-797
In base 15, what is -14 - 10?
-24
In base 4, what is -101 + 122?
21
In base 10, what is 1286 + -4?
1282
In base 2, what is -100000 - 1101?
-101101
In base 12, what is -2 + -b7?
-b9
In base 12, what is 440 + 0?
440
In base 15, what is -2 - 9b?
-9d
In base 13, what is 1 + -2004?
-2003
In base 8, what is 56 + 1?
57
In base 2, what is 10110111000110 + -11?
10110111000011
In base 8, what is -4 + -2430?
-2434
In base 7, what is -1 - -5064?
5063
In base 10, what is 21 + 9?
30
In base 10, what is -135 - 2?
-137
In base 2, what is -10101 + -11010?
-101111
In base 14, what is -256 - 68?
-2c0
In base 14, what is 0 - d9?
-d9
In base 13, what is -4 + -10?
-14
In base 5, what is -344 + 10?
-334
In base 4, what is -202 + -11?
-213
In base 9, what is 2 + 105?
107
In base 15, what is -c1 + 1?
-c0
In base 4, what is -3013 + -3?
-3022
In base 8, what is -2 - -46?
44
In base 12, what is 3 - -177?
17a
In base 8, what is -41 - -10?
-31
In base 9, what is 127 - 61?
56
In base 11, what is -2 + -45?
-47
In base 5, what is -4 - 221?
-230
In base 3, what is -212 + 122?
-20
In base 6, what is 10 - -21?
31
In base 12, what is 8 + 18?
24
In base 15, what is 7 - 3e?
-37
In base 10, what is -2 - -14?
12
In base 9, what is 1 + -401?
-400
In base 5, what is 10043 - -10?
10103
In base 13, what is 4 - 5a?
-56
In base 4, what is -3 - -1212?
1203
In base 5, what is -333 - -1?
-332
In base 11, what is -5 - -86?
81
In base 11, what is 10 + 23?
33
In base 2, what is 10111011101 + 10101?
10111110010
In base 14, what is -12554 - -2?
-12552
In base 7, what is 5 - -11?
16
In base 4, what is -11 + 100?
23
In base 6, what is 0 - -14?
14
In base 13, what is -45 - -c1?
79
In base 11, what is 36 + a9?
134
In base 6, what is -14 - 2?
-20
In base 11, what is 3a8 - 13?
395
In base 2, what is 1110111 + -101?
1110010
In base 8, what is 1010 + 4?
1014
In base 2, what is 10100001 - 11?
10011110
In base 16, what is -2 - -b48?
b46
In base 12, what is -20 + 1?
-1b
In base 15, what is -43 + -4?
-47
In base 13, what is 5 + 3?
8
In base 8, what is 3 - 45?
-42
In base 11, what is -5 + a?
5
In base 3, what is 1012 - -202?
1221
In base 11, what is -378 - 6?
-383
In base 9, what is 18 - -4?
23
In base 2, what is -101111 + -1?
-110000
In base 13, what is -32 + -68?
-9a
In base 3, what is 21121 - -1?
21122
In base 13, what is -366 + -22?
-388
In base 5, what is -1 + -302?
-303
In base 8, what is -6 + 14?
6
In base 14, what is 1bb - -17?
1d4
In base 9, what is 84 + 4?
88
In base 6, what is 355 + -2?
353
In base 6, what is -2 - 12104?
-12110
In base 8, what is -3 + -36?
-41
In base 16, what is -5 - ad?
-b2
In base 16, what is -e6 + -3?
-e9
In base 3, what is 221 - 10?
211
In base 5, what is -3143 + 3?
-3140
In base 14, what is 3 + -150?
-14b
In base 2, what is -110 + -1000011?
-1001001
In base 5, what is 4 + -4404?
-4400
In base 6, what is -2 - -153?
151
In base 3, what is -20 - 2110?
-2200
In base 4, what is -3 + -11?
-20
In base 10, what is 1531 + -3?
1528
In base 2, what is 1 + -101100?
-101011
In base 8, what is 202 + -5?
175
In base 6, what is 13 + 12?
25
In base 12, what is -3 + -780?
-783
In base 15, what is -125a - -3?
-1257
In base 3, what is -111 + 0?
-111
In base 7, what is 1 - -103?
104
In base 11, what is 1a80 - -2?
1a82
In base 14, what is 370 + 5?
375
In base 4, what is -1213 - 1023?
-2302
In base 15, what is 5 + -1ec?
-1e7
In base 4, what is -10102 + 11?
-10031
In base 16, what is 1d + 15?
32
In base 11, what is 69 - -4?
72
In base 11, what is -15 - -11?
-4
In base 4, what is -230 + 2010?
1120
In base 5, what is -330 + 33?
-242
In base 3, what is 200 + 1202?
2102
In base 14, what is -1 - -23a?
239
In base 9, what is 11445 - -4?
11450
In base 12, what is -1244 - 1?
-1245
In base 16, what is 1 - 2d?
-2c
In base 10, what is -119 + -30?
-149
In base 2, what is -1 + -11000?
-11001
In base 15, what is -b + 15?
9
In base 16, what is -25 + 18?
-d
In base 5, what is 103 - -31?
134
In base 15, what is 9 - 1?
8
In base 11, what is -1784 + 4?
-1780
In base 10, what is 1084 + 2?
1086
In base 8, what is 24 - -156?
202
In base 11, what is -3 + 51?
49
In base 15, what is 2 + -378?
-376
In base 16, what is -2cf + 5?
-2ca
In base 4, what is 10 + 311?
321
In base 11, what is a87 + 6?
a92
In base 12, what is -5 + -1b79?
-1b82
In base 6, what is 3 + -202?
-155
In base 8, what is -4433 - 2?
-4435
In base 10, what is 0 - -5942?
5942
In base 11, what is -4 - 1782?
-1786
In base 2, what is 100 + -11011000100?
-11011000000
In base 9, what is 11167 + 3?
11171
In base 5, what is -2 - 10302?
-10304
In base 7, what is -1 + -2335?
-2336
In base 9, what is -2143 - 4?
-2147
In base 3, what is -1102122220 - -10?
-1102122210
In base 7, what is -6 - 452?
-461
In base 14, what is 0 + -ca?
-ca
In base 5, what is 3 - 4344?
-4341
In base 3, what is -21001101 + 12?
-21001012
In base 8, what is 1266 - 2?
1264
In base 12, what is 2334 + 5?
2339
In base 10, what is 2 + 110?
112
In base 13, what is -1 + 1057?
1056
In base 3, what is 22101 - -21?
22122
In base 16, what is 3 - 4?
-1
In base 15, what is 16e + 4?
173
In base 2, what is -11111000101 - 100?
-11111001001
In base 7, what is -4 - 1226?
-1233
In base 9, what is 3 + -468?
-465
In base 13, what is -1 - 3a?
-3b
In base 3, what is -102 - -10022?
2220
In base 12, what is -4 - -40?
38
In base 13, what is 0 - -194?
194
In base 10, what is 9 + -35?
-26
In base 14, what is -1 - 1b?
-1c
In base 5, what is 34 - 11?
23
In base 6, what is 14 + -4004?
-3550
In base 5, what is 1104 + 21?
1130
In base 11, what is 2022 + 2?
2024
In base 10, what is 31 + 91?
122
In base 6, what is -110 + -13?
-123
In base 9, what is 70 + 12?
82
In base 5, what is 133 + -4?
12